{"id":2392,"date":"2024-02-19T09:10:06","date_gmt":"2024-02-19T12:10:06","guid":{"rendered":"https:\/\/maimuseu.com.br\/site\/?page_id=2392"},"modified":"2024-02-19T09:16:13","modified_gmt":"2024-02-19T12:16:13","slug":"seja-um-amigo-do-museu","status":"publish","type":"page","link":"https:\/\/maimuseu.com.br\/site\/seja-um-amigo-do-museu\/","title":{"rendered":"Seja um amigo do museu"},"content":{"rendered":"\t\t<div data-elementor-type=\"wp-page\" data-elementor-id=\"2392\" class=\"elementor elementor-2392\" data-elementor-post-type=\"page\">\n\t\t\t\t<div class=\"elementor-element elementor-element-067ad08 e-flex e-con-boxed e-con e-parent\" data-id=\"067ad08\" data-element_type=\"container\" data-settings=\"{&quot;background_background&quot;:&quot;classic&quot;}\">\n\t\t\t\t\t<div class=\"e-con-inner\">\n\t\t\t\t<div class=\"elementor-element elementor-element-299e633 elementor-widget elementor-widget-heading\" data-id=\"299e633\" data-element_type=\"widget\" data-widget_type=\"heading.default\">\n\t\t\t\t<div class=\"elementor-widget-container\">\n\t\t\t\t\t<h2 class=\"elementor-heading-title elementor-size-default\">SEJA UM AMIGO DO MUSEU<\/h2>\t\t\t\t<\/div>\n\t\t\t\t<\/div>\n\t\t\t\t\t<\/div>\n\t\t\t\t<\/div>\n\t\t<div class=\"elementor-element elementor-element-402ec4c e-flex e-con-boxed e-con e-parent\" data-id=\"402ec4c\" data-element_type=\"container\">\n\t\t\t\t\t<div class=\"e-con-inner\">\n\t\t<div class=\"elementor-element elementor-element-ee3a2d4 e-flex e-con-boxed e-con e-child\" data-id=\"ee3a2d4\" data-element_type=\"container\">\n\t\t\t\t\t<div class=\"e-con-inner\">\n\t\t\t\t<div class=\"elementor-element elementor-element-a991ae0 elementor-widget elementor-widget-text-editor\" data-id=\"a991ae0\" data-element_type=\"widget\" data-widget_type=\"text-editor.default\">\n\t\t\t\t<div class=\"elementor-widget-container\">\n\t\t\t\t\t\t\t\t\t<p>Com a sua ajuda, o MAI pode se expandir.<\/p><p>Um dos poucos museus ind\u00edgenas do Brasil, o MAI possui o maior acervo de arte \u00edndigena privado da Am\u00e9rica e precisa da ajuda e do apoio da comunidade para continuar preservando a nossa cultura.<\/p><p>As obras do MAI est\u00e3o preservadas gra\u00e7as do trabalho e esfor\u00e7o da empres\u00e1ria Julianna Podolan Martins e amigos parceiros ao longo de mais de uma d\u00e9cada de exist\u00eancia.<\/p><p>Os amigos do MAI s\u00e3o pessoas e empresas preocupadas com a preserva\u00e7\u00e3o da cultura ind\u00edgena brasileira, ber\u00e7o de nossos antepassados que influenciaram nossa civiliza\u00e7\u00e3o.<\/p><p>Contribua com o MAI e ajude a difundir a cultura brasileira. Envie um email para <a href=\"mailto:mai@maimuseu.com.br\">mai@maimuseu.com.br<\/a> para saber como!<\/p>\t\t\t\t\t\t\t\t<\/div>\n\t\t\t\t<\/div>\n\t\t\t\t\t<\/div>\n\t\t\t\t<\/div>\n\t\t\t\t\t<\/div>\n\t\t\t\t<\/div>\n\t\t<div class=\"elementor-element elementor-element-bf2df58 e-flex e-con-boxed e-con e-parent\" data-id=\"bf2df58\" data-element_type=\"container\">\n\t\t\t\t\t<div class=\"e-con-inner\">\n\t\t\t\t<div class=\"elementor-element elementor-element-bd4cd59 elementor-widget elementor-widget-image-gallery\" data-id=\"bd4cd59\" data-element_type=\"widget\" data-widget_type=\"image-gallery.default\">\n\t\t\t\t<div class=\"elementor-widget-container\">\n\t\t\t\t\t\t\t<div class=\"elementor-image-gallery\">\n\t\t\t<div class=\"rgg-container\" data-rgg-id=\"1\">    <div class=\"rgg-imagegrid captions-title captions-effect-none \" data-rgg-id=\"1\">\n                    <a  data-rel=\"rgglightbox-gallery-0\" rel=\"rgg\" title=\"\" data-rl_title=\"\" class=\"rgg-disabled size-thumbnail rgg-img rl-gallery-link\"  data-src=\"https:\/\/maimuseu.com.br\/site\/wp-content\/uploads\/2024\/02\/01-150x150.png\" data-ratio=\"1\" data-height=\"150\" data-width=\"150\" aria-label=\"01\" data-rl_caption=\"\" href=\"https:\/\/maimuseu.com.br\/site\/wp-content\/uploads\/2024\/02\/01.png\">\n                            <\/a>\n                    <a  data-rel=\"rgglightbox-gallery-0\" rel=\"rgg\" title=\"\" data-rl_title=\"\" class=\"rgg-disabled size-thumbnail rgg-img rl-gallery-link\"  data-src=\"https:\/\/maimuseu.com.br\/site\/wp-content\/uploads\/2024\/02\/02-150x150.png\" data-ratio=\"1\" data-height=\"150\" data-width=\"150\" aria-label=\"02\" data-rl_caption=\"\" href=\"https:\/\/maimuseu.com.br\/site\/wp-content\/uploads\/2024\/02\/02.png\">\n                            <\/a>\n            <\/div>\n<\/div>\t\t<\/div>\n\t\t\t\t\t\t<\/div>\n\t\t\t\t<\/div>\n\t\t\t\t\t<\/div>\n\t\t\t\t<\/div>\n\t\t<div class=\"elementor-element elementor-element-ace5f43 e-flex e-con-boxed e-con e-child\" data-id=\"ace5f43\" data-element_type=\"container\">\n\t\t\t\t\t<div class=\"e-con-inner\">\n\t\t\t\t<div class=\"elementor-element elementor-element-a5608a9 elementor-widget elementor-widget-global elementor-global-1943 elementor-widget-elementskit-client-logo\" data-id=\"a5608a9\" data-element_type=\"widget\" data-widget_type=\"elementskit-client-logo.default\">\n\t\t\t\t<div class=\"elementor-widget-container\">\n\t\t\t\t\t<div class=\"ekit-wid-con\" >\t\t<div class=\"elementskit-clients-slider  simple_logo_image\" data-config=\"{&quot;rtl&quot;:false,&quot;arrows&quot;:false,&quot;dots&quot;:false,&quot;autoplay&quot;:false,&quot;speed&quot;:1000,&quot;slidesPerView&quot;:8,&quot;slidesPerGroup&quot;:1,&quot;pauseOnHover&quot;:false,&quot;loop&quot;:false,&quot;breakpoints&quot;:{&quot;320&quot;:{&quot;slidesPerView&quot;:1,&quot;slidesPerGroup&quot;:1,&quot;spaceBetween&quot;:10},&quot;768&quot;:{&quot;slidesPerView&quot;:2,&quot;slidesPerGroup&quot;:1,&quot;spaceBetween&quot;:10},&quot;1024&quot;:{&quot;slidesPerView&quot;:8,&quot;slidesPerGroup&quot;:1,&quot;spaceBetween&quot;:15}}}\" data-direction=\"\">\n\t\t\t<div class=\"ekit-main-swiper swiper\">\n\t\t\t\t<div class=\"swiper-wrapper\">\n\t\t\t\t\t\t\t\t\t\t\t<div class=\"elementskit-client-slider-item swiper-slide \">\n\t\t\t\t\t\t\t<div class=\"swiper-slide-inner\">\n\t\t\t\t\t\t\t\t<div class=\"single-client image-switcher\" title=\"lei_incentivo\">\n\t\t\t\t\t\t\t\t\t\t\t\t\t\t\t\t\t\t\t<div class=\"content-image\">\n\t\t\t\t\t\t\t\t\t\t\t<img fetchpriority=\"high\" decoding=\"async\" width=\"300\" height=\"200\" src=\"https:\/\/maimuseu.com.br\/site\/wp-content\/uploads\/2024\/02\/ruanet-1.png\" class=\"\" alt=\"\" \/>\t\t\t\t\t\t\t\t\t\t<\/div>\n\t\t\t\t\t\t\t\t\t\t\t\t\t\t\t\t\t<\/div>\n\t\t\t\t\t\t\t<\/div>\n\t\t\t\t\t\t<\/div>\n\t\t\t\t\t\t\t\t\t\t\t<div class=\"elementskit-client-slider-item swiper-slide \">\n\t\t\t\t\t\t\t<div class=\"swiper-slide-inner\">\n\t\t\t\t\t\t\t\t<div class=\"single-client image-switcher\" title=\"ravato\">\n\t\t\t\t\t\t\t\t\t\t\t\t\t\t\t\t\t\t\t<div class=\"content-image\">\n\t\t\t\t\t\t\t\t\t\t\t<img decoding=\"async\" width=\"300\" height=\"200\" src=\"https:\/\/maimuseu.com.br\/site\/wp-content\/uploads\/2024\/02\/ravato-1.png\" class=\"\" alt=\"\" \/>\t\t\t\t\t\t\t\t\t\t<\/div>\n\t\t\t\t\t\t\t\t\t\t\t\t\t\t\t\t\t<\/div>\n\t\t\t\t\t\t\t<\/div>\n\t\t\t\t\t\t<\/div>\n\t\t\t\t\t\t\t\t\t\t\t<div class=\"elementskit-client-slider-item swiper-slide \">\n\t\t\t\t\t\t\t<div class=\"swiper-slide-inner\">\n\t\t\t\t\t\t\t\t<div class=\"single-client image-switcher\" title=\"santa maria\">\n\t\t\t\t\t\t\t\t\t\t\t\t\t\t\t\t\t\t\t<div class=\"content-image\">\n\t\t\t\t\t\t\t\t\t\t\t<img decoding=\"async\" width=\"300\" height=\"200\" src=\"https:\/\/maimuseu.com.br\/site\/wp-content\/uploads\/2024\/02\/santa_maria-1.png\" class=\"\" alt=\"\" \/>\t\t\t\t\t\t\t\t\t\t<\/div>\n\t\t\t\t\t\t\t\t\t\t\t\t\t\t\t\t\t<\/div>\n\t\t\t\t\t\t\t<\/div>\n\t\t\t\t\t\t<\/div>\n\t\t\t\t\t\t\t\t\t\t\t<div class=\"elementskit-client-slider-item swiper-slide \">\n\t\t\t\t\t\t\t<div class=\"swiper-slide-inner\">\n\t\t\t\t\t\t\t\t<div class=\"single-client image-switcher\" title=\"parana_cultura\">\n\t\t\t\t\t\t\t\t\t\t\t\t\t\t\t\t\t\t\t<div class=\"content-image\">\n\t\t\t\t\t\t\t\t\t\t\t<img loading=\"lazy\" decoding=\"async\" width=\"300\" height=\"200\" src=\"https:\/\/maimuseu.com.br\/site\/wp-content\/uploads\/2024\/02\/parana_cultural-1.png\" class=\"\" alt=\"\" \/>\t\t\t\t\t\t\t\t\t\t<\/div>\n\t\t\t\t\t\t\t\t\t\t\t\t\t\t\t\t\t<\/div>\n\t\t\t\t\t\t\t<\/div>\n\t\t\t\t\t\t<\/div>\n\t\t\t\t\t\t\t\t\t\t\t<div class=\"elementskit-client-slider-item swiper-slide \">\n\t\t\t\t\t\t\t<div class=\"swiper-slide-inner\">\n\t\t\t\t\t\t\t\t<div class=\"single-client image-switcher\" title=\"cultura_pr\">\n\t\t\t\t\t\t\t\t\t\t\t\t\t\t\t\t\t\t\t<div class=\"content-image\">\n\t\t\t\t\t\t\t\t\t\t\t<img loading=\"lazy\" decoding=\"async\" width=\"300\" height=\"200\" src=\"https:\/\/maimuseu.com.br\/site\/wp-content\/uploads\/2024\/02\/cultura_pr-1.png\" class=\"\" alt=\"\" \/>\t\t\t\t\t\t\t\t\t\t<\/div>\n\t\t\t\t\t\t\t\t\t\t\t\t\t\t\t\t\t<\/div>\n\t\t\t\t\t\t\t<\/div>\n\t\t\t\t\t\t<\/div>\n\t\t\t\t\t\t\t\t\t\t\t<div class=\"elementskit-client-slider-item swiper-slide \">\n\t\t\t\t\t\t\t<div class=\"swiper-slide-inner\">\n\t\t\t\t\t\t\t\t<div class=\"single-client image-switcher\" title=\"parana\">\n\t\t\t\t\t\t\t\t\t\t\t\t\t\t\t\t\t\t\t<div class=\"content-image\">\n\t\t\t\t\t\t\t\t\t\t\t<img loading=\"lazy\" decoding=\"async\" width=\"300\" height=\"200\" src=\"https:\/\/maimuseu.com.br\/site\/wp-content\/uploads\/2024\/02\/parana-1.png\" class=\"\" alt=\"\" \/>\t\t\t\t\t\t\t\t\t\t<\/div>\n\t\t\t\t\t\t\t\t\t\t\t\t\t\t\t\t\t<\/div>\n\t\t\t\t\t\t\t<\/div>\n\t\t\t\t\t\t<\/div>\n\t\t\t\t\t\t\t\t\t\t\t<div class=\"elementskit-client-slider-item swiper-slide \">\n\t\t\t\t\t\t\t<div class=\"swiper-slide-inner\">\n\t\t\t\t\t\t\t\t<div class=\"single-client image-switcher\" title=\"min_cultura\">\n\t\t\t\t\t\t\t\t\t\t\t\t\t\t\t\t\t\t\t<div class=\"content-image\">\n\t\t\t\t\t\t\t\t\t\t\t<img loading=\"lazy\" decoding=\"async\" width=\"300\" height=\"200\" src=\"https:\/\/maimuseu.com.br\/site\/wp-content\/uploads\/2024\/02\/ministeria_cultura-1.png\" class=\"\" alt=\"\" \/>\t\t\t\t\t\t\t\t\t\t<\/div>\n\t\t\t\t\t\t\t\t\t\t\t\t\t\t\t\t\t<\/div>\n\t\t\t\t\t\t\t<\/div>\n\t\t\t\t\t\t<\/div>\n\t\t\t\t\t\t\t\t\t<\/div>\n\n\t\t\t\t\n\t\t\t\t\t\t\t<\/div><!-- .elementskit-clients-slider END -->\n\t\t<\/div>\n\t\t<\/div>\t\t\t\t<\/div>\n\t\t\t\t<\/div>\n\t\t\t\t\t<\/div>\n\t\t\t\t<\/div>\n\t\t\t\t<\/div>\n\t\t","protected":false},"excerpt":{"rendered":"<p>SEJA UM AMIGO DO MUSEU Com a sua ajuda, o MAI pode se expandir. Um dos poucos museus ind\u00edgenas do Brasil, o MAI possui o maior acervo de arte \u00edndigena privado da Am\u00e9rica e precisa da ajuda e do apoio da comunidade para continuar preservando a nossa cultura. As obras do MAI est\u00e3o preservadas gra\u00e7as [&hellip;]<\/p>\n","protected":false},"author":1,"featured_media":0,"parent":0,"menu_order":0,"comment_status":"closed","ping_status":"closed","template":"","meta":{"_acf_changed":false,"footnotes":""},"class_list":["post-2392","page","type-page","status-publish","hentry"],"acf":[],"_links":{"self":[{"href":"https:\/\/maimuseu.com.br\/site\/wp-json\/wp\/v2\/pages\/2392","targetHints":{"allow":["GET"]}}],"collection":[{"href":"https:\/\/maimuseu.com.br\/site\/wp-json\/wp\/v2\/pages"}],"about":[{"href":"https:\/\/maimuseu.com.br\/site\/wp-json\/wp\/v2\/types\/page"}],"author":[{"embeddable":true,"href":"https:\/\/maimuseu.com.br\/site\/wp-json\/wp\/v2\/users\/1"}],"replies":[{"embeddable":true,"href":"https:\/\/maimuseu.com.br\/site\/wp-json\/wp\/v2\/comments?post=2392"}],"version-history":[{"count":16,"href":"https:\/\/maimuseu.com.br\/site\/wp-json\/wp\/v2\/pages\/2392\/revisions"}],"predecessor-version":[{"id":2416,"href":"https:\/\/maimuseu.com.br\/site\/wp-json\/wp\/v2\/pages\/2392\/revisions\/2416"}],"wp:attachment":[{"href":"https:\/\/maimuseu.com.br\/site\/wp-json\/wp\/v2\/media?parent=2392"}],"curies":[{"name":"wp","href":"https:\/\/api.w.org\/{rel}","templated":true}]}}