{"id":2076,"date":"2024-02-15T16:56:26","date_gmt":"2024-02-15T19:56:26","guid":{"rendered":"https:\/\/maimuseu.com.br\/site\/?page_id=2076"},"modified":"2024-02-15T17:22:57","modified_gmt":"2024-02-15T20:22:57","slug":"agenda","status":"publish","type":"page","link":"https:\/\/maimuseu.com.br\/site\/agenda\/","title":{"rendered":"Agenda"},"content":{"rendered":"\t\t<div data-elementor-type=\"wp-page\" data-elementor-id=\"2076\" class=\"elementor elementor-2076\" data-elementor-post-type=\"page\">\n\t\t\t\t<div class=\"elementor-element elementor-element-35b3cc2 e-flex e-con-boxed e-con e-parent\" data-id=\"35b3cc2\" data-element_type=\"container\" data-settings=\"{&quot;background_background&quot;:&quot;classic&quot;}\">\n\t\t\t\t\t<div class=\"e-con-inner\">\n\t\t\t\t<div class=\"elementor-element elementor-element-caf43d9 elementor-widget elementor-widget-heading\" data-id=\"caf43d9\" data-element_type=\"widget\" data-widget_type=\"heading.default\">\n\t\t\t\t<div class=\"elementor-widget-container\">\n\t\t\t\t\t<h2 class=\"elementor-heading-title elementor-size-default\">AGENDA<\/h2>\t\t\t\t<\/div>\n\t\t\t\t<\/div>\n\t\t\t\t\t<\/div>\n\t\t\t\t<\/div>\n\t\t<div class=\"elementor-element elementor-element-ef51a46 e-flex e-con-boxed e-con e-parent\" data-id=\"ef51a46\" data-element_type=\"container\">\n\t\t\t\t\t<div class=\"e-con-inner\">\n\t\t<div class=\"elementor-element elementor-element-dfe28a5 e-flex e-con-boxed e-con e-child\" data-id=\"dfe28a5\" data-element_type=\"container\">\n\t\t\t\t\t<div class=\"e-con-inner\">\n\t\t\t\t<div class=\"elementor-element elementor-element-57d4b4c elementor-posts--thumbnail-left elementor-grid-1 elementor-grid-tablet-2 elementor-grid-mobile-1 elementor-widget elementor-widget-posts\" data-id=\"57d4b4c\" data-element_type=\"widget\" data-settings=\"{&quot;classic_columns&quot;:&quot;1&quot;,&quot;classic_row_gap&quot;:{&quot;unit&quot;:&quot;px&quot;,&quot;size&quot;:31,&quot;sizes&quot;:[]},&quot;pagination_type&quot;:&quot;load_more_infinite_scroll&quot;,&quot;classic_columns_tablet&quot;:&quot;2&quot;,&quot;classic_columns_mobile&quot;:&quot;1&quot;,&quot;classic_row_gap_tablet&quot;:{&quot;unit&quot;:&quot;px&quot;,&quot;size&quot;:&quot;&quot;,&quot;sizes&quot;:[]},&quot;classic_row_gap_mobile&quot;:{&quot;unit&quot;:&quot;px&quot;,&quot;size&quot;:&quot;&quot;,&quot;sizes&quot;:[]},&quot;load_more_spinner&quot;:{&quot;value&quot;:&quot;fas fa-spinner&quot;,&quot;library&quot;:&quot;fa-solid&quot;}}\" data-widget_type=\"posts.classic\">\n\t\t\t\t<div class=\"elementor-widget-container\">\n\t\t\t\t\t\t\t<div class=\"elementor-posts-container elementor-posts elementor-posts--skin-classic elementor-grid\">\n\t\t\t\t<article class=\"elementor-post elementor-grid-item post-2721 evento type-evento status-publish hentry eventos-evento eventos-realizado\">\n\t\t\t\t<div class=\"elementor-post__text\">\n\t\t\t\t<h3 class=\"elementor-post__title\">\n\t\t\t<a href=\"https:\/\/maimuseu.com.br\/site\/evento\/lancamento-do-catalogo-do-mai-realizado-pelo-instituto-cultural-j-safra\/\" >\n\t\t\t\tLan\u00e7amento do cat\u00e1logo do MAI realizado pelo Instituto Cultural J. Safra\t\t\t<\/a>\n\t\t<\/h3>\n\t\t\t\t<div class=\"elementor-post__excerpt\">\n\t\t\t<p>No dia 25 de novembro, vivemos um momento de profunda emo\u00e7\u00e3o e significado com o lan\u00e7amento do cat\u00e1logo do MAI,<\/p>\n\t\t<\/div>\n\t\t\n\t\t<a class=\"elementor-post__read-more\" href=\"https:\/\/maimuseu.com.br\/site\/evento\/lancamento-do-catalogo-do-mai-realizado-pelo-instituto-cultural-j-safra\/\" aria-label=\"Read more about Lan\u00e7amento do cat\u00e1logo do MAI realizado pelo Instituto Cultural J. Safra\" tabindex=\"-1\" >\n\t\t\tSaiba mais \u00bb\t\t<\/a>\n\n\t\t\t\t<\/div>\n\t\t\t\t<\/article>\n\t\t\t\t<article class=\"elementor-post elementor-grid-item post-1372 evento type-evento status-publish has-post-thumbnail hentry eventos-curso\">\n\t\t\t\t<a class=\"elementor-post__thumbnail__link\" href=\"https:\/\/maimuseu.com.br\/site\/evento\/curso-gratuito-comunicacao-acessivel-e-inclusiva\/\" tabindex=\"-1\" >\n\t\t\t<div class=\"elementor-post__thumbnail\"><img fetchpriority=\"high\" decoding=\"async\" width=\"650\" height=\"430\" src=\"https:\/\/maimuseu.com.br\/site\/wp-content\/uploads\/2023\/08\/cursocai.png\" class=\"attachment-full size-full wp-image-1371\" alt=\"\" srcset=\"https:\/\/maimuseu.com.br\/site\/wp-content\/uploads\/2023\/08\/cursocai.png 650w, https:\/\/maimuseu.com.br\/site\/wp-content\/uploads\/2023\/08\/cursocai-300x198.png 300w\" sizes=\"(max-width: 650px) 100vw, 650px\" \/><\/div>\n\t\t<\/a>\n\t\t\t\t<div class=\"elementor-post__text\">\n\t\t\t\t<h3 class=\"elementor-post__title\">\n\t\t\t<a href=\"https:\/\/maimuseu.com.br\/site\/evento\/curso-gratuito-comunicacao-acessivel-e-inclusiva\/\" >\n\t\t\t\tCurso Gratuito \u201cComunica\u00e7\u00e3o Acess\u00edvel e Inclusiva\u201d\t\t\t<\/a>\n\t\t<\/h3>\n\t\t\t\t<div class=\"elementor-post__excerpt\">\n\t\t\t<p>CURSO<br \/>\nAGOSTO 2023<br \/>\n<\/br><br \/>\n12\/08\/2023<\/p>\n\t\t<\/div>\n\t\t\n\t\t<a class=\"elementor-post__read-more\" href=\"https:\/\/maimuseu.com.br\/site\/evento\/curso-gratuito-comunicacao-acessivel-e-inclusiva\/\" aria-label=\"Read more about Curso Gratuito \u201cComunica\u00e7\u00e3o Acess\u00edvel e Inclusiva\u201d\" tabindex=\"-1\" >\n\t\t\tSaiba mais \u00bb\t\t<\/a>\n\n\t\t\t\t<\/div>\n\t\t\t\t<\/article>\n\t\t\t\t<article class=\"elementor-post elementor-grid-item post-1354 evento type-evento status-publish has-post-thumbnail hentry eventos-evento\">\n\t\t\t\t<a class=\"elementor-post__thumbnail__link\" href=\"https:\/\/maimuseu.com.br\/site\/evento\/roda-de-conversa-com-indigenas-da-etnia-noke-koi\/\" tabindex=\"-1\" >\n\t\t\t<div class=\"elementor-post__thumbnail\"><img decoding=\"async\" width=\"650\" height=\"430\" src=\"https:\/\/maimuseu.com.br\/site\/wp-content\/uploads\/2023\/05\/eventorodadeconversa.png\" class=\"attachment-full size-full wp-image-1357\" alt=\"\" srcset=\"https:\/\/maimuseu.com.br\/site\/wp-content\/uploads\/2023\/05\/eventorodadeconversa.png 650w, https:\/\/maimuseu.com.br\/site\/wp-content\/uploads\/2023\/05\/eventorodadeconversa-300x198.png 300w\" sizes=\"(max-width: 650px) 100vw, 650px\" \/><\/div>\n\t\t<\/a>\n\t\t\t\t<div class=\"elementor-post__text\">\n\t\t\t\t<h3 class=\"elementor-post__title\">\n\t\t\t<a href=\"https:\/\/maimuseu.com.br\/site\/evento\/roda-de-conversa-com-indigenas-da-etnia-noke-koi\/\" >\n\t\t\t\tRoda de Conversa com ind\u00edgenas da etnia Noke Ko\u00ee\t\t\t<\/a>\n\t\t<\/h3>\n\t\t\t\t<div class=\"elementor-post__excerpt\">\n\t\t\t<p>EVENTO &#8211; JUNHO 2023<br \/>\n<\/br><br \/>\n07\/06\/2023<\/p>\n\t\t<\/div>\n\t\t\n\t\t<a class=\"elementor-post__read-more\" href=\"https:\/\/maimuseu.com.br\/site\/evento\/roda-de-conversa-com-indigenas-da-etnia-noke-koi\/\" aria-label=\"Read more about Roda de Conversa com ind\u00edgenas da etnia Noke Ko\u00ee\" tabindex=\"-1\" >\n\t\t\tSaiba mais \u00bb\t\t<\/a>\n\n\t\t\t\t<\/div>\n\t\t\t\t<\/article>\n\t\t\t\t<article class=\"elementor-post elementor-grid-item post-1319 evento type-evento status-publish has-post-thumbnail hentry eventos-curso\">\n\t\t\t\t<a class=\"elementor-post__thumbnail__link\" href=\"https:\/\/maimuseu.com.br\/site\/evento\/workshop-de-projetos-culturais\/\" tabindex=\"-1\" >\n\t\t\t<div class=\"elementor-post__thumbnail\"><img decoding=\"async\" width=\"650\" height=\"430\" src=\"https:\/\/maimuseu.com.br\/site\/wp-content\/uploads\/2022\/02\/bannersitewpc-1.png\" class=\"attachment-full size-full wp-image-1321\" alt=\"\" srcset=\"https:\/\/maimuseu.com.br\/site\/wp-content\/uploads\/2022\/02\/bannersitewpc-1.png 650w, https:\/\/maimuseu.com.br\/site\/wp-content\/uploads\/2022\/02\/bannersitewpc-1-300x198.png 300w\" sizes=\"(max-width: 650px) 100vw, 650px\" \/><\/div>\n\t\t<\/a>\n\t\t\t\t<div class=\"elementor-post__text\">\n\t\t\t\t<h3 class=\"elementor-post__title\">\n\t\t\t<a href=\"https:\/\/maimuseu.com.br\/site\/evento\/workshop-de-projetos-culturais\/\" >\n\t\t\t\tWorkshop de Projetos Culturais\t\t\t<\/a>\n\t\t<\/h3>\n\t\t\t\t<div class=\"elementor-post__excerpt\">\n\t\t\t<p>CURSO &#8211; AGOSTO 2022<br \/>\n<\/br><br \/>\n05\/08\/2022<\/p>\n\t\t<\/div>\n\t\t\n\t\t<a class=\"elementor-post__read-more\" href=\"https:\/\/maimuseu.com.br\/site\/evento\/workshop-de-projetos-culturais\/\" aria-label=\"Read more about Workshop de Projetos Culturais\" tabindex=\"-1\" >\n\t\t\tSaiba mais \u00bb\t\t<\/a>\n\n\t\t\t\t<\/div>\n\t\t\t\t<\/article>\n\t\t\t\t<article class=\"elementor-post elementor-grid-item post-1286 evento type-evento status-publish has-post-thumbnail hentry eventos-curso eventos-realizado\">\n\t\t\t\t<a class=\"elementor-post__thumbnail__link\" href=\"https:\/\/maimuseu.com.br\/site\/evento\/curso-livre-a-museologia-e-a-curadoria-de-arte-2\/\" tabindex=\"-1\" >\n\t\t\t<div class=\"elementor-post__thumbnail\"><img loading=\"lazy\" decoding=\"async\" width=\"650\" height=\"430\" src=\"https:\/\/maimuseu.com.br\/site\/wp-content\/uploads\/2022\/01\/cursomcasite.png\" class=\"attachment-full size-full wp-image-1287\" alt=\"\" srcset=\"https:\/\/maimuseu.com.br\/site\/wp-content\/uploads\/2022\/01\/cursomcasite.png 650w, https:\/\/maimuseu.com.br\/site\/wp-content\/uploads\/2022\/01\/cursomcasite-300x198.png 300w\" sizes=\"(max-width: 650px) 100vw, 650px\" \/><\/div>\n\t\t<\/a>\n\t\t\t\t<div class=\"elementor-post__text\">\n\t\t\t\t<h3 class=\"elementor-post__title\">\n\t\t\t<a href=\"https:\/\/maimuseu.com.br\/site\/evento\/curso-livre-a-museologia-e-a-curadoria-de-arte-2\/\" >\n\t\t\t\tCurso Livre &#8211; A Museologia e A Curadoria de Arte\t\t\t<\/a>\n\t\t<\/h3>\n\t\t\t\t<div class=\"elementor-post__excerpt\">\n\t\t\t<p>Oferecido pela Associa\u00e7\u00e3o Oswaldo Goeldi, o curso &#8220;A Museologia e a Curadoria de Arte&#8221; foi transferido para os dias 28,<\/p>\n\t\t<\/div>\n\t\t\n\t\t<a class=\"elementor-post__read-more\" href=\"https:\/\/maimuseu.com.br\/site\/evento\/curso-livre-a-museologia-e-a-curadoria-de-arte-2\/\" aria-label=\"Read more about Curso Livre &#8211; A Museologia e A Curadoria de Arte\" tabindex=\"-1\" >\n\t\t\tSaiba mais \u00bb\t\t<\/a>\n\n\t\t\t\t<\/div>\n\t\t\t\t<\/article>\n\t\t\t\t<article class=\"elementor-post elementor-grid-item post-1284 evento type-evento status-publish has-post-thumbnail hentry eventos-evento eventos-realizado\">\n\t\t\t\t<a class=\"elementor-post__thumbnail__link\" href=\"https:\/\/maimuseu.com.br\/site\/evento\/palestra-cosmovisao-huni-kuin-com-isaka-ruy-e-iriki\/\" tabindex=\"-1\" >\n\t\t\t<div class=\"elementor-post__thumbnail\"><img loading=\"lazy\" decoding=\"async\" width=\"650\" height=\"430\" src=\"https:\/\/maimuseu.com.br\/site\/wp-content\/uploads\/2022\/01\/capasite_hunikuin.png\" class=\"attachment-full size-full wp-image-1285\" alt=\"\" srcset=\"https:\/\/maimuseu.com.br\/site\/wp-content\/uploads\/2022\/01\/capasite_hunikuin.png 650w, https:\/\/maimuseu.com.br\/site\/wp-content\/uploads\/2022\/01\/capasite_hunikuin-300x198.png 300w\" sizes=\"(max-width: 650px) 100vw, 650px\" \/><\/div>\n\t\t<\/a>\n\t\t\t\t<div class=\"elementor-post__text\">\n\t\t\t\t<h3 class=\"elementor-post__title\">\n\t\t\t<a href=\"https:\/\/maimuseu.com.br\/site\/evento\/palestra-cosmovisao-huni-kuin-com-isaka-ruy-e-iriki\/\" >\n\t\t\t\tPalestra &#8211; Cosmovis\u00e3o Huni Kuin com Isaka Ruy e Iriki\t\t\t<\/a>\n\t\t<\/h3>\n\t\t\t\t<div class=\"elementor-post__excerpt\">\n\t\t\t<p>Em parceria com a Sama\u00fama Saberes Ancestrais, recebemos o evento \u201cPalestra de COSMOVIS\u00c3O HUNI KUIN com Isaka Ruy e Iriki\u201d.<\/p>\n\t\t<\/div>\n\t\t\n\t\t<a class=\"elementor-post__read-more\" href=\"https:\/\/maimuseu.com.br\/site\/evento\/palestra-cosmovisao-huni-kuin-com-isaka-ruy-e-iriki\/\" aria-label=\"Read more about Palestra &#8211; Cosmovis\u00e3o Huni Kuin com Isaka Ruy e Iriki\" tabindex=\"-1\" >\n\t\t\tSaiba mais \u00bb\t\t<\/a>\n\n\t\t\t\t<\/div>\n\t\t\t\t<\/article>\n\t\t\t\t<article class=\"elementor-post elementor-grid-item post-1229 evento type-evento status-publish has-post-thumbnail hentry eventos-evento\">\n\t\t\t\t<a class=\"elementor-post__thumbnail__link\" href=\"https:\/\/maimuseu.com.br\/site\/evento\/lancamento-do-livro-o-canto-das-pedras-do-rio\/\" tabindex=\"-1\" >\n\t\t\t<div class=\"elementor-post__thumbnail\"><img loading=\"lazy\" decoding=\"async\" width=\"650\" height=\"430\" src=\"https:\/\/maimuseu.com.br\/site\/wp-content\/uploads\/2019\/11\/WhatsApp-Image-2019-11-14-at-15.50.48-1.jpeg\" class=\"attachment-full size-full wp-image-1231\" alt=\"\" srcset=\"https:\/\/maimuseu.com.br\/site\/wp-content\/uploads\/2019\/11\/WhatsApp-Image-2019-11-14-at-15.50.48-1.jpeg 650w, https:\/\/maimuseu.com.br\/site\/wp-content\/uploads\/2019\/11\/WhatsApp-Image-2019-11-14-at-15.50.48-1-300x198.jpeg 300w\" sizes=\"(max-width: 650px) 100vw, 650px\" \/><\/div>\n\t\t<\/a>\n\t\t\t\t<div class=\"elementor-post__text\">\n\t\t\t\t<h3 class=\"elementor-post__title\">\n\t\t\t<a href=\"https:\/\/maimuseu.com.br\/site\/evento\/lancamento-do-livro-o-canto-das-pedras-do-rio\/\" >\n\t\t\t\tLan\u00e7amento do livro &#8220;O Canto das Pedras do Rio&#8221;\t\t\t<\/a>\n\t\t<\/h3>\n\t\t\t\t<div class=\"elementor-post__excerpt\">\n\t\t\t<p>O MAI convida todos para o lan\u00e7amento do livro &#8220;O Canto das Pedras do Rio&#8221; de Jorge Marques. Um romance<\/p>\n\t\t<\/div>\n\t\t\n\t\t<a class=\"elementor-post__read-more\" href=\"https:\/\/maimuseu.com.br\/site\/evento\/lancamento-do-livro-o-canto-das-pedras-do-rio\/\" aria-label=\"Read more about Lan\u00e7amento do livro &#8220;O Canto das Pedras do Rio&#8221;\" tabindex=\"-1\" >\n\t\t\tSaiba mais \u00bb\t\t<\/a>\n\n\t\t\t\t<\/div>\n\t\t\t\t<\/article>\n\t\t\t\t<article class=\"elementor-post elementor-grid-item post-1179 evento type-evento status-publish has-post-thumbnail hentry eventos-evento\">\n\t\t\t\t<a class=\"elementor-post__thumbnail__link\" href=\"https:\/\/maimuseu.com.br\/site\/evento\/abertura-da-exposicao-farnese-de-andrade-um-outro-inicio\/\" tabindex=\"-1\" >\n\t\t\t<div class=\"elementor-post__thumbnail\"><img loading=\"lazy\" decoding=\"async\" width=\"2708\" height=\"1792\" src=\"https:\/\/maimuseu.com.br\/site\/wp-content\/uploads\/2019\/09\/Abertura-01.jpg\" class=\"attachment-full size-full wp-image-1180\" alt=\"\" srcset=\"https:\/\/maimuseu.com.br\/site\/wp-content\/uploads\/2019\/09\/Abertura-01.jpg 2708w, https:\/\/maimuseu.com.br\/site\/wp-content\/uploads\/2019\/09\/Abertura-01-300x199.jpg 300w, https:\/\/maimuseu.com.br\/site\/wp-content\/uploads\/2019\/09\/Abertura-01-768x508.jpg 768w, https:\/\/maimuseu.com.br\/site\/wp-content\/uploads\/2019\/09\/Abertura-01-1024x678.jpg 1024w\" sizes=\"(max-width: 2708px) 100vw, 2708px\" \/><\/div>\n\t\t<\/a>\n\t\t\t\t<div class=\"elementor-post__text\">\n\t\t\t\t<h3 class=\"elementor-post__title\">\n\t\t\t<a href=\"https:\/\/maimuseu.com.br\/site\/evento\/abertura-da-exposicao-farnese-de-andrade-um-outro-inicio\/\" >\n\t\t\t\tAbertura da Exposi\u00e7\u00e3o: Farnese de Andrade &#8211; Um outro in\u00edcio\t\t\t<\/a>\n\t\t<\/h3>\n\t\t\t\t<div class=\"elementor-post__excerpt\">\n\t\t\t<p>Farnese de Andrade no Museu de Arte Ind\u00edgena A partir de algumas pe\u00e7as da cole\u00e7\u00e3o Fragmentos do Inconsciente, que fazem<\/p>\n\t\t<\/div>\n\t\t\n\t\t<a class=\"elementor-post__read-more\" href=\"https:\/\/maimuseu.com.br\/site\/evento\/abertura-da-exposicao-farnese-de-andrade-um-outro-inicio\/\" aria-label=\"Read more about Abertura da Exposi\u00e7\u00e3o: Farnese de Andrade &#8211; Um outro in\u00edcio\" tabindex=\"-1\" >\n\t\t\tSaiba mais \u00bb\t\t<\/a>\n\n\t\t\t\t<\/div>\n\t\t\t\t<\/article>\n\t\t\t\t<article class=\"elementor-post elementor-grid-item post-1157 evento type-evento status-publish has-post-thumbnail hentry eventos-evento eventos-realizado\">\n\t\t\t\t<a class=\"elementor-post__thumbnail__link\" href=\"https:\/\/maimuseu.com.br\/site\/evento\/kene-o-grafismo-huni-kuin\/\" tabindex=\"-1\" >\n\t\t\t<div class=\"elementor-post__thumbnail\"><img loading=\"lazy\" decoding=\"async\" width=\"677\" height=\"903\" src=\"https:\/\/maimuseu.com.br\/site\/wp-content\/uploads\/2019\/09\/IMG-20190831-WA0013.jpg\" class=\"attachment-full size-full wp-image-1158\" alt=\"\" srcset=\"https:\/\/maimuseu.com.br\/site\/wp-content\/uploads\/2019\/09\/IMG-20190831-WA0013.jpg 677w, https:\/\/maimuseu.com.br\/site\/wp-content\/uploads\/2019\/09\/IMG-20190831-WA0013-225x300.jpg 225w\" sizes=\"(max-width: 677px) 100vw, 677px\" \/><\/div>\n\t\t<\/a>\n\t\t\t\t<div class=\"elementor-post__text\">\n\t\t\t\t<h3 class=\"elementor-post__title\">\n\t\t\t<a href=\"https:\/\/maimuseu.com.br\/site\/evento\/kene-o-grafismo-huni-kuin\/\" >\n\t\t\t\tKene &#8211; O Grafismo Huni Kuin\t\t\t<\/a>\n\t\t<\/h3>\n\t\t\t\t<div class=\"elementor-post__excerpt\">\n\t\t\t<p>A Sama\u00fama Saberes Ancestrais em parceria com o MAI, Museu de Arte Ind\u00edgena de Curitiba promovem uma palestra sobre os<\/p>\n\t\t<\/div>\n\t\t\n\t\t<a class=\"elementor-post__read-more\" href=\"https:\/\/maimuseu.com.br\/site\/evento\/kene-o-grafismo-huni-kuin\/\" aria-label=\"Read more about Kene &#8211; O Grafismo Huni Kuin\" tabindex=\"-1\" >\n\t\t\tSaiba mais \u00bb\t\t<\/a>\n\n\t\t\t\t<\/div>\n\t\t\t\t<\/article>\n\t\t\t\t<article class=\"elementor-post elementor-grid-item post-1147 evento type-evento status-publish has-post-thumbnail hentry eventos-evento eventos-realizado\">\n\t\t\t\t<a class=\"elementor-post__thumbnail__link\" href=\"https:\/\/maimuseu.com.br\/site\/evento\/dia-do-indio-com-os-fulni-o\/\" tabindex=\"-1\" >\n\t\t\t<div class=\"elementor-post__thumbnail\"><img loading=\"lazy\" decoding=\"async\" width=\"960\" height=\"720\" src=\"https:\/\/maimuseu.com.br\/site\/wp-content\/uploads\/2019\/09\/IMG-20190901-WA0011.jpg\" class=\"attachment-full size-full wp-image-1154\" alt=\"\" srcset=\"https:\/\/maimuseu.com.br\/site\/wp-content\/uploads\/2019\/09\/IMG-20190901-WA0011.jpg 960w, https:\/\/maimuseu.com.br\/site\/wp-content\/uploads\/2019\/09\/IMG-20190901-WA0011-300x225.jpg 300w, https:\/\/maimuseu.com.br\/site\/wp-content\/uploads\/2019\/09\/IMG-20190901-WA0011-768x576.jpg 768w\" sizes=\"(max-width: 960px) 100vw, 960px\" \/><\/div>\n\t\t<\/a>\n\t\t\t\t<div class=\"elementor-post__text\">\n\t\t\t\t<h3 class=\"elementor-post__title\">\n\t\t\t<a href=\"https:\/\/maimuseu.com.br\/site\/evento\/dia-do-indio-com-os-fulni-o\/\" >\n\t\t\t\tDia dos Povos Ind\u00edgenas com os Fulni-\u00f4\t\t\t<\/a>\n\t\t<\/h3>\n\t\t\t\t<div class=\"elementor-post__excerpt\">\n\t\t\t<p>Para celebrarmos o Dia do \u00cdndio, recebemos no MAI alguns ind\u00edgenas do povo Fulni-\u00d4, que fica no interior de Pernambuco.<\/p>\n\t\t<\/div>\n\t\t\n\t\t<a class=\"elementor-post__read-more\" href=\"https:\/\/maimuseu.com.br\/site\/evento\/dia-do-indio-com-os-fulni-o\/\" aria-label=\"Read more about Dia dos Povos Ind\u00edgenas com os Fulni-\u00f4\" tabindex=\"-1\" >\n\t\t\tSaiba mais \u00bb\t\t<\/a>\n\n\t\t\t\t<\/div>\n\t\t\t\t<\/article>\n\t\t\t\t<\/div>\n\t\t\t\t\t<span class=\"e-load-more-spinner\">\n\t\t\t\t<svg aria-hidden=\"true\" class=\"e-font-icon-svg e-fas-spinner\" viewBox=\"0 0 512 512\" xmlns=\"http:\/\/www.w3.org\/2000\/svg\"><path d=\"M304 48c0 26.51-21.49 48-48 48s-48-21.49-48-48 21.49-48 48-48 48 21.49 48 48zm-48 368c-26.51 0-48 21.49-48 48s21.49 48 48 48 48-21.49 48-48-21.49-48-48-48zm208-208c-26.51 0-48 21.49-48 48s21.49 48 48 48 48-21.49 48-48-21.49-48-48-48zM96 256c0-26.51-21.49-48-48-48S0 229.49 0 256s21.49 48 48 48 48-21.49 48-48zm12.922 99.078c-26.51 0-48 21.49-48 48s21.49 48 48 48 48-21.49 48-48c0-26.509-21.491-48-48-48zm294.156 0c-26.51 0-48 21.49-48 48s21.49 48 48 48 48-21.49 48-48c0-26.509-21.49-48-48-48zM108.922 60.922c-26.51 0-48 21.49-48 48s21.49 48 48 48 48-21.49 48-48-21.491-48-48-48z\"><\/path><\/svg>\t\t\t<\/span>\n\t\t\n\t\t\t\t<div class=\"e-load-more-anchor\" data-page=\"1\" data-max-page=\"2\" data-next-page=\"https:\/\/maimuseu.com.br\/site\/wp-json\/wp\/v2\/pages\/2076\/page\/2\/\"><\/div>\n\t\t\t\t<div class=\"e-load-more-message\"><\/div>\n\t\t\t\t\t\t<\/div>\n\t\t\t\t<\/div>\n\t\t\t\t\t<\/div>\n\t\t\t\t<\/div>\n\t\t\t\t\t<\/div>\n\t\t\t\t<\/div>\n\t\t\t\t<\/div>\n\t\t","protected":false},"excerpt":{"rendered":"<p>AGENDA<\/p>\n","protected":false},"author":1,"featured_media":0,"parent":0,"menu_order":0,"comment_status":"closed","ping_status":"closed","template":"","meta":{"_acf_changed":false,"footnotes":""},"class_list":["post-2076","page","type-page","status-publish","hentry"],"acf":[],"_links":{"self":[{"href":"https:\/\/maimuseu.com.br\/site\/wp-json\/wp\/v2\/pages\/2076","targetHints":{"allow":["GET"]}}],"collection":[{"href":"https:\/\/maimuseu.com.br\/site\/wp-json\/wp\/v2\/pages"}],"about":[{"href":"https:\/\/maimuseu.com.br\/site\/wp-json\/wp\/v2\/types\/page"}],"author":[{"embeddable":true,"href":"https:\/\/maimuseu.com.br\/site\/wp-json\/wp\/v2\/users\/1"}],"replies":[{"embeddable":true,"href":"https:\/\/maimuseu.com.br\/site\/wp-json\/wp\/v2\/comments?post=2076"}],"version-history":[{"count":25,"href":"https:\/\/maimuseu.com.br\/site\/wp-json\/wp\/v2\/pages\/2076\/revisions"}],"predecessor-version":[{"id":2105,"href":"https:\/\/maimuseu.com.br\/site\/wp-json\/wp\/v2\/pages\/2076\/revisions\/2105"}],"wp:attachment":[{"href":"https:\/\/maimuseu.com.br\/site\/wp-json\/wp\/v2\/media?parent=2076"}],"curies":[{"name":"wp","href":"https:\/\/api.w.org\/{rel}","templated":true}]}}